{"id":1459,"date":"2026-01-26T20:38:30","date_gmt":"2026-01-26T20:38:30","guid":{"rendered":"https:\/\/www.h2osiivous.fi\/?page_id=1459"},"modified":"2026-01-26T20:42:05","modified_gmt":"2026-01-26T20:42:05","slug":"privacy-policy-2","status":"publish","type":"page","link":"https:\/\/www.h2osiivous.fi\/index.php\/privacy-policy-2\/","title":{"rendered":"K\u00e4ytt\u00f6ehdot"},"content":{"rendered":"\t\t<div data-elementor-type=\"wp-page\" data-elementor-id=\"1459\" class=\"elementor elementor-1459\">\n\t\t\t\t<div class=\"elementor-element elementor-element-649b2689 e-flex e-con-boxed wpr-particle-no wpr-jarallax-no wpr-parallax-no wpr-sticky-section-no wpr-equal-height-no e-con e-parent\" data-id=\"649b2689\" data-element_type=\"container\" data-e-type=\"container\">\n\t\t\t\t\t<div class=\"e-con-inner\">\n\t\t\t\t<div class=\"elementor-element elementor-element-37b7a183 elementor-widget elementor-widget-text-editor\" data-id=\"37b7a183\" data-element_type=\"widget\" data-e-type=\"widget\" data-widget_type=\"text-editor.default\">\n\t\t\t\t<div class=\"elementor-widget-container\">\n\t\t\t\t\t\t\t\t\t<h1>K\u00c4YTT\u00d6EHDOT<\/h1>\n<p><strong>Viimeksi p\u00e4ivitetty:<\/strong> 26. tammikuuta 2026<\/p>\n<p>N\u00e4it\u00e4 k\u00e4ytt\u00f6ehtoja sovelletaan <strong>h2osiivous.fi<\/strong>-verkkosivuston (&#171;Verkkosivusto&#187;) k\u00e4ytt\u00f6\u00f6n. K\u00e4ytt\u00e4m\u00e4ll\u00e4 Verkkosivustoa hyv\u00e4ksyt n\u00e4m\u00e4 k\u00e4ytt\u00f6ehdot kokonaisuudessaan. Jos et hyv\u00e4ksy n\u00e4it\u00e4 ehtoja, \u00e4l\u00e4 k\u00e4yt\u00e4 Verkkosivustoa.<\/p>\n<div contenteditable=\"false\"><hr \/><\/div>\n<h2>1. Palveluntarjoaja<\/h2>\n<p><strong>Yritys:<\/strong> H2O Siivous<br \/><strong>Osoite:<\/strong> It\u00e4v\u00e4yl\u00e4 49, 00950 Helsinki, Suomi<br \/><strong>S\u00e4hk\u00f6posti:<\/strong> <a>info@h2osiivous.fi<\/a><\/p>\n<div contenteditable=\"false\"><hr \/><\/div>\n<h2>2. Palvelun kuvaus<\/h2>\n<p>Verkkosivusto tarjoaa tietoa H2O Siivouksen tarjoamista siivouspalveluista sek\u00e4 mahdollisuuden ottaa yhteytt\u00e4 Yritykseen verkkolomakkeiden kautta. Verkkosivusto ei sis\u00e4ll\u00e4 verkkokauppaa eik\u00e4 sitovia tilauksia.<\/p>\n<div contenteditable=\"false\"><hr \/><\/div>\n<h2>3. Verkkosivuston k\u00e4ytt\u00f6<\/h2>\n<p>Sitoudut k\u00e4ytt\u00e4m\u00e4\u00e4n Verkkosivustoa:<\/p>\n<ul data-spread=\"false\">\n<li>\n<p>lain ja hyv\u00e4n tavan mukaisesti<\/p>\n<\/li>\n<li>\n<p>tavalla, joka ei vahingoita Verkkosivustoa, Yrityst\u00e4 tai kolmansia osapuolia<\/p>\n<\/li>\n<li>\n<p>ilman yrityksi\u00e4 murtautua j\u00e4rjestelmiin, ker\u00e4t\u00e4 tietoja automaattisesti tai h\u00e4irit\u00e4 palvelun toimintaa<\/p>\n<\/li>\n<\/ul>\n<p>Yrityksell\u00e4 on oikeus rajoittaa tai est\u00e4\u00e4 Verkkosivuston k\u00e4ytt\u00f6, jos ehtoja rikotaan.<\/p>\n<div contenteditable=\"false\"><hr \/><\/div>\n<h2>4. Immateriaalioikeudet<\/h2>\n<p>Kaikki Verkkosivustolla oleva sis\u00e4lt\u00f6, mukaan lukien tekstit, kuvat, logot, grafiikka ja rakenne, on Yrityksen tai sen lisenssinantajien omaisuutta ja suojattu tekij\u00e4noikeus- ja immateriaalioikeuslains\u00e4\u00e4d\u00e4nn\u00f6ll\u00e4.<\/p>\n<p>Sis\u00e4ll\u00f6n kopiointi, jakaminen tai kaupallinen hy\u00f6dynt\u00e4minen ilman etuk\u00e4teen annettua kirjallista lupaa on kielletty.<\/p>\n<div contenteditable=\"false\"><hr \/><\/div>\n<h2>5. Vastuunrajoitus<\/h2>\n<p>Verkkosivusto tarjotaan &#171;sellaisena kuin se on&#187;. Yritys pyrkii pit\u00e4m\u00e4\u00e4n tiedot ajantasaisina ja oikeina, mutta ei takaa tietojen virheett\u00f6myytt\u00e4, t\u00e4ydellisyytt\u00e4 tai jatkuvaa saatavuutta.<\/p>\n<p>Yritys ei vastaa:<\/p>\n<ul data-spread=\"false\">\n<li>\n<p>Verkkosivuston k\u00e4yt\u00f6st\u00e4 aiheutuvista v\u00e4lillisist\u00e4 vahingoista<\/p>\n<\/li>\n<li>\n<p>teknisist\u00e4 h\u00e4iri\u00f6ist\u00e4, virheist\u00e4 tai k\u00e4ytt\u00f6katkoksista<\/p>\n<\/li>\n<li>\n<p>kolmansien osapuolten palveluista tai sis\u00e4ll\u00f6st\u00e4<\/p>\n<\/li>\n<\/ul>\n<p>Mik\u00e4\u00e4n n\u00e4iss\u00e4 ehdoissa ei rajoita vastuuta silt\u00e4 osin kuin sit\u00e4 ei voida lain mukaan rajoittaa.<\/p>\n<div contenteditable=\"false\"><hr \/><\/div>\n<h2>6. Linkit kolmansien osapuolten sivustoille<\/h2>\n<p>Verkkosivusto voi sis\u00e4lt\u00e4\u00e4 linkkej\u00e4 kolmansien osapuolten verkkosivustoille. Yritys ei vastaa n\u00e4iden sivustojen sis\u00e4ll\u00f6st\u00e4, toiminnasta tai tietosuojak\u00e4yt\u00e4nn\u00f6ist\u00e4.<\/p>\n<div contenteditable=\"false\"><hr \/><\/div>\n<h2>7. Henkil\u00f6tietojen k\u00e4sittely (GDPR)<\/h2>\n<p>Henkil\u00f6tietojen k\u00e4sittely tapahtuu <strong>tietosuojaselosteen<\/strong> mukaisesti. K\u00e4ytt\u00e4m\u00e4ll\u00e4 Verkkosivustoa ja t\u00e4ytt\u00e4m\u00e4ll\u00e4 lomakkeita hyv\u00e4ksyt henkil\u00f6tietojesi k\u00e4sittelyn sovellettavan tietosuojalains\u00e4\u00e4d\u00e4nn\u00f6n mukaisesti.<\/p>\n<p>K\u00e4ytt\u00e4j\u00e4ll\u00e4 on kaikki <strong>GDPR:n mukaiset oikeudet<\/strong>, mukaan lukien oikeus tarkastaa, oikaista ja poistaa tietojaan sek\u00e4 peruuttaa suostumus.<\/p>\n<p>Lis\u00e4tietoja henkil\u00f6tietojen k\u00e4sittelyst\u00e4 l\u00f6yd\u00e4t Verkkosivuston tietosuojaselosteesta.<\/p>\n<div contenteditable=\"false\"><hr \/><\/div>\n<h2>8. Ev\u00e4steet<\/h2>\n<p>Verkkosivusto k\u00e4ytt\u00e4\u00e4 ev\u00e4steit\u00e4 ja vastaavia teknologioita. Ev\u00e4steiden k\u00e4ytt\u00f6 ja suostumuksen hallinta on kuvattu <strong>ev\u00e4stek\u00e4yt\u00e4nn\u00f6ss\u00e4 (Cookie Policy)<\/strong>.<\/p>\n<div contenteditable=\"false\"><hr \/><\/div>\n<h2>9. Muutokset k\u00e4ytt\u00f6ehtoihin<\/h2>\n<p>Yritys pid\u00e4tt\u00e4\u00e4 oikeuden muuttaa n\u00e4it\u00e4 k\u00e4ytt\u00f6ehtoja milloin tahansa. Muutokset tulevat voimaan, kun ne julkaistaan Verkkosivustolla.<\/p>\n<p>Suosittelemme tarkistamaan k\u00e4ytt\u00f6ehdot s\u00e4\u00e4nn\u00f6llisesti.<\/p>\n<div contenteditable=\"false\"><hr \/><\/div>\n<h2>10. Sovellettava laki ja riidanratkaisu<\/h2>\n<p>N\u00e4ihin k\u00e4ytt\u00f6ehtoihin sovelletaan Suomen lakia, pois lukien lainvalintas\u00e4\u00e4nn\u00f6kset.<\/p>\n<p>Mahdolliset erimielisyydet pyrit\u00e4\u00e4n ensisijaisesti ratkaisemaan neuvotteluteitse. Ellei ratkaisua saavuteta, riidat k\u00e4sitell\u00e4\u00e4n Helsingin k\u00e4r\u00e4j\u00e4oikeudessa.<\/p>\n<div contenteditable=\"false\"><hr \/><\/div>\n<h2>11. Yhteystiedot<\/h2>\n<p>Jos sinulla on kysytt\u00e4v\u00e4\u00e4 n\u00e4ist\u00e4 k\u00e4ytt\u00f6ehdoista, ota yhteytt\u00e4:<\/p>\n<p><strong>S\u00e4hk\u00f6posti:<\/strong> <a>info@h2osiivous.fi<\/a><\/p>\n<p><!-- \/wp:heading --><\/p>\t\t\t\t\t\t\t\t<\/div>\n\t\t\t\t<\/div>\n\t\t\t\t\t<\/div>\n\t\t\t\t<\/div>\n\t\t\t\t<\/div>\n\t\t","protected":false},"excerpt":{"rendered":"<p>K\u00c4YTT\u00d6EHDOT Viimeksi p\u00e4ivitetty: 26. tammikuuta 2026 N\u00e4it\u00e4 k\u00e4ytt\u00f6ehtoja sovelletaan h2osiivous.fi-verkkosivuston (&#171;Verkkosivusto&#187;) k\u00e4ytt\u00f6\u00f6n. K\u00e4ytt\u00e4m\u00e4ll\u00e4 Verkkosivustoa hyv\u00e4ksyt n\u00e4m\u00e4 k\u00e4ytt\u00f6ehdot kokonaisuudessaan. Jos et hyv\u00e4ksy n\u00e4it\u00e4 ehtoja, \u00e4l\u00e4 k\u00e4yt\u00e4 Verkkosivustoa. 1. Palveluntarjoaja Yritys: H2O SiivousOsoite: It\u00e4v\u00e4yl\u00e4 49, 00950 Helsinki, SuomiS\u00e4hk\u00f6posti: info@h2osiivous.fi 2. Palvelun kuvaus Verkkosivusto tarjoaa tietoa H2O Siivouksen tarjoamista siivouspalveluista sek\u00e4 mahdollisuuden ottaa yhteytt\u00e4 Yritykseen verkkolomakkeiden kautta. Verkkosivusto<\/p>\n","protected":false},"author":1,"featured_media":0,"parent":0,"menu_order":0,"comment_status":"closed","ping_status":"open","template":"","meta":{"footnotes":""},"class_list":["post-1459","page","type-page","status-publish","hentry","post"],"_links":{"self":[{"href":"https:\/\/www.h2osiivous.fi\/index.php\/wp-json\/wp\/v2\/pages\/1459","targetHints":{"allow":["GET"]}}],"collection":[{"href":"https:\/\/www.h2osiivous.fi\/index.php\/wp-json\/wp\/v2\/pages"}],"about":[{"href":"https:\/\/www.h2osiivous.fi\/index.php\/wp-json\/wp\/v2\/types\/page"}],"author":[{"embeddable":true,"href":"https:\/\/www.h2osiivous.fi\/index.php\/wp-json\/wp\/v2\/users\/1"}],"replies":[{"embeddable":true,"href":"https:\/\/www.h2osiivous.fi\/index.php\/wp-json\/wp\/v2\/comments?post=1459"}],"version-history":[{"count":6,"href":"https:\/\/www.h2osiivous.fi\/index.php\/wp-json\/wp\/v2\/pages\/1459\/revisions"}],"predecessor-version":[{"id":1465,"href":"https:\/\/www.h2osiivous.fi\/index.php\/wp-json\/wp\/v2\/pages\/1459\/revisions\/1465"}],"wp:attachment":[{"href":"https:\/\/www.h2osiivous.fi\/index.php\/wp-json\/wp\/v2\/media?parent=1459"}],"curies":[{"name":"wp","href":"https:\/\/api.w.org\/{rel}","templated":true}]}}